j).
-7
Let r(x) = x**3 + 17*x**2 - 2*x + 293. Let w be r(-18). Let q(k) = -k**3 + 4*k**2 - 2*k + 7. Calculate q(w).
-28
Let u(t) = -35*t + 215. Let z be u(6). Let r(o) = -5*o**2 - o + 4*o + o**3 - 5*o. Calculate r(z).
-10
Let a(g) = -3*g**2 - 32*g + 5. Let h(n) = -n**2 - 11*n + 2. Let y(v) = -3*a(v) + 8*h(v). What is y(-8)?
1
Let o(s) = -s**3 + 6*s**2 - 4*s - 5. Let c = -202 - -207. Determine o(c).
0
Let n = 47 + -47. Let y be (-2 - -3) + n/7. Let x(a) = 6*a**3 + 2*a - 1. Calculate x(y).
7
Let p(q) be the first derivative of 11*q**3/3 - q + 2. Suppose 172*t - 12 = 184*t. What is p(t)?
10
Let f = -1 - -1. Let l(v) be the third derivative of -v**5/60 - v**3/6 - 119*v**2. Calculate l(f).
-1
Let p be -6 + 2 + 28/4. Let w(s) = -4*s**2 - 2*s - 2. Calculate w(p).
-44
Let v(k) be the first derivative of -k**4/4 - k**3/3 + k**2 + 15*k - 183. Determine v(0).
15
Let f(w) = w**3 + 4. Let u = -18 - -21. Suppose 5*l = h - 21, 0 = -u*h - 8 - 4. Let q = l + 5. What is f(q)?
4
Let y(r) be the third derivative of r**5/120 + 11*r**4/24 + 17*r**3/6 + 21*r**2. Let o(d) be the first derivative of y(d). Give o(-8).
3
Let i = -1 + -4. Let u = i + 7. Let m(n) = 4*n**u + 3*n - 2*n - 1 - 3*n. Give m(-1).
5
Let r(x) = 3*x - 10. Let z(g) = -g + 1. Let b(a) = 12*a - 26. Let t(s) = b(s) + 5*z(s). Let m(i) = -5*r(i) + 2*t(i). Determine m(6).
2
Let q(m) be the first derivative of m**4/4 - 7*m**3/3 + 9*m**2/2 - 8*m + 65. What is q(6)?
10
Let r(o) = -7*o**2 + o - 8. Let s(p) = -4*p**2 + p + 1. Let n(l) = -r(l) + 2*s(l). Calculate n(-3).
-2
Let k(n) = 17*n - 31. Let x(s) = -5*s + 10. Let i(o) = -2*k(o) - 7*x(o). Calculate i(8).
0
Suppose -3*t = -3*t - 4*t. Let g be (-4)/(-6)*(-3 + t). Let k(j) = j**3 + 2*j**2 + 3*j + 1. Give k(g).
-5
Let h be 2/(-5) - 4/(-10). Let i(r) = h*r**3 + r + 52*r**2 - 23*r**2 - 28*r**2 - r**3. What is i(2)?
-2
Let f be (-54)/783 + (-1380)/174. Let j(b) = 5*b + 40. Calculate j(f).
0
Suppose -14 + 6 = 2*u. Let t = -2 - u. Let o(i) = -2*i**2 + 2*i - 1. Give o(t).
-5
Suppose 0*u = 4*u + 16. Let d(z) = -1. Let a(m) = 10*m + 4. Let p(b) = u*d(b) - a(b). Let n = 0 - 1. What is p(n)?
10
Let g(h) be the third derivative of h**5/60 - h**4/8 - 7*h**3/6 - 82*h**2 + 1. Determine g(3).
-7
Let x = 1201 - 1197. Let r(o) = o**2 - o - 1. Let j(i) = -4*i**2 + 7*i + 6. Let n = 2 - 5. Let v(l) = n*r(l) - j(l). What is v(x)?
-3
Let b(k) = -10*k**2 - 3*k - 2. Suppose 0 = -0*x - x + 3*h - 4, -3*x + h = 4. What is b(x)?
-9
Let a be (-3)/(-1)*(-40)/(-30). Let j(z) = z**2 - 6*z + 4. Let y be j(8). Let u be 8/(-10) - a/y. Let h(p) = p**2 + 2*p + 1. Calculate h(u).
0
Let j(m) = -7*m - 25. Let y(k) = -20*k - 71. Let l(w) = -17*j(w) + 6*y(w). What is l(-4)?
3
Let a(t) = 3*t - 3. Suppose 5*d = 3*h + 19, 5*d = -4*h + 5*h + 13. Suppose -5*w + d*l + l - 75 = 0, 0 = w - 5*l + 37. Let p be w/3 - -1 - -6. Give a(p).
6
Let x(k) = -k**2 + 12*k - 12. Let a be x(11). Let n(q) be the first derivative of 11*q**2/2 + q + 308. What is n(a)?
-10
Suppose 8*y + 44 = 3*w + 3*y, -4*w + 20 = 3*y. Suppose -w = -3*p - p. Let g(j) = -2*j + 2*j - j**p + 7*j. Determine g(6).
6
Let s(h) = 9*h**2 - 2*h + 2. Let i(f) = 26*f**2 - 5*f + 6. Suppose 4*y + 11 - 55 = 0. Let p(v) = y*s(v) - 4*i(v). Give p(-2).
-18
Let s(q) = -q - 2. Let a be ((-1)/(-1))/(5/10). Let o(v) = -3*v**2 + 5*v - 4. Let i be o(a). Calculate s(i).
4
Let a(l) = -5 - 67*l**2 + 8 + 69*l**2 + 3*l + l**3. What is a(-2)?
-3
Let s(b) be the first derivative of b**4/4 + 7*b**3/3 + 9*b**2/2 + 9*b - 176. Determine s(-6).
-9
Let z(l) = -2*l - 889 + 1773 - 885 + l. Determine z(-7).
6
Let s be (-8)/28 + ((-33)/7 - -1). Let k(w) = 6*w - 11. Let g(f) = -5*f + 10. Let h be -1*(-10)/4*-2. Let l(t) = h*g(t) + s*k(t). What is l(7)?
1
Let z(x) = 5*x**2 - 4*x + 3*x**2 - 13 - x**3 + 10 - 14. Give z(7).
4
Let t(o) = 7*o**3 + 27*o**2 - 3*o + 1. Let f(q) = 13*q**3 + 50*q**2 - 6*q + 2. Let v(d) = -6*f(d) + 11*t(d). What is v(-5)?
34
Let b = -6 + 13. Let n(w) = -2*w + 9. Let z be n(b). Let y(c) = -c**3 - 6*c**2 - 4*c - 1. Give y(z).
-6
Let g(z) = -z**2 + 12*z + 14. Let c be (-78)/(-8)*9*(-60)/(-405). Determine g(c).
1
Let c(k) = 10*k. Let x(l) = -l**2 + 7*l + 3. Let s be x(8). Let h = -9 + s. Let a = h + 13. What is c(a)?
-10
Let r(s) = 7*s**3 + s**2 - s + 1. Suppose 5*a + 3 = n - 0*a, 27 = -3*n - 3*a. Let g be (1 - 3) + n + 2. Let c = -6 - g. Give r(c).
8
Suppose -2*w = -4*s - 60, w = -w. Let c = 17 + s. Let f(m) = m**2 + m + 2*m + c*m + 5. Give f(-5).
5
Let s(r) = -4*r - 2. Let c be (21/(-14))/(3/126 + 0). Let n = 65 + c. Calculate s(n).
-10
Let w(v) = -3*v**2 + v + 0 + 2*v**2 + 2 - 1. Let b(o) = o**3 + 4*o**2 - 13*o. Let i be 14/(-49) - (-40)/(-7). Let s(m) = i*w(m) - b(m). Determine s(4).
-10
Let k(t) = 3*t**2 + t**3 + 3*t + 2*t - 3*t - 1. Suppose -j = -2*j - 5*s - 13, 5*j = 3*s - 9. Determine k(j).
-7
Suppose 157*s = 160*s + 24. Let j(q) = 2*q + 7. What is j(s)?
-9
Let y(q) = -309 + 608 - q - 310. Give y(9).
-20
Let x = -1 + -1. Let k = -15 - -21. Let n(h) = -5 - k*h - 2 + 6. What is n(x)?
11
Let k(n) = -2 + 46*n + 3 - 46*n - 3*n**2. Determine k(1).
-2
Let x(o) = 47*o - 99*o + 51*o. Calculate x(-5).
5
Let h(l) = 3*l - 7. Let x be (-5)/(-25) - 9/30*-176. Let u = x + -48. What is h(u)?
8
Let d(w) be the second derivative of w**4/12 + 3*w**3/2 - 4*w**2 - 138*w. What is d(-9)?
-8
Let x(r) = -14*r + 53. Let n be x(3). Let j(l) = -l**3 + 11*l**2 - l + 14. What is j(n)?
3
Let z(g) = -g - 4. Let f(q) = q + 3. Let x(p) = -3*f(p) - 4*z(p). Suppose -6*h + 2*h - 20 = 0. Give x(h).
2
Suppose 6 = -7*i + 8*i. Suppose -4*y = -5*w - i + 20, -34 = -5*w - y. Let j(u) = -u**2 + 6*u + 6. Give j(w).
6
Suppose -5*p + 153 = -n + 5*n, 3*n + 4*p = 116. Let y = n - 28. Let f(t) = t + 1. Calculate f(y).
5
Let q be (72/27)/((-2)/(1 - -5)). Let b(d) = d + 16. Calculate b(q).
8
Let m(o) be the third derivative of 2*o**4/3 + o**3/3 - 88*o**2. What is m(1)?
18
Let w(q) = 2*q - 4. Suppose 4*r = 12*r - 32. Determine w(r).
4
Suppose -2*p = 2*m + 12, 3*m - 7*m + 6 = -2*p. Let c be m + 1 - (2 - -3). Let l = c + 2. Let z(u) = u. Calculate z(l).
-3
Let m be (-2)/3 + (-8)/6. Let z(g) = g**3 + 4*g**2 + g - 4. What is z(m)?
2
Let c(o) = o**3 + o**2 + 1. Let d be c(-2). Let r(f) = -f**2 - f + 1. Let k(y) = 8*y**2 + y - 5. Let w(h) = d*r(h) - k(h). Give w(2).
-14
Let g be 42/(-105) - 12/(-5). Let u(t) = 39 - 2*t - 27 - g*t. Give u(9).
-24
Let j(z) = -z**2 + 10*z - 8. Suppose -s + 2 = 5*o, -4*s = s - 3*o - 38. What is j(s)?
13
Let b = -4 + -5. Let i be 4/18 + 29/b. Let f(z) = -21 + 4*z + 511*z**2 - 510*z**2 + 23. What is f(i)?
-1
Let c(j) = -2*j**2 - j - 2. Let h(s) = s**2 - 6*s - 37. Let a be h(10). What is c(a)?
-23
Let j = -20 - -15. Let y = j - -6. Let z(m) = y + 3*m - 5 + 2. What is z(-2)?
-8
Let p = 2 + 6. Suppose p = 3*j + j. Let y(m) = 4*m**3 + 8*m**2 - 2*m - 4*m**j + 1 - 3*m**2. What is y(1)?
4
Let s(m) = m**3 + 4*m**2 + 1. Let r be s(-4). Let w(p) = r - 8*p - 4 + 7*p. Let z be (-99)/44*(-12)/(-9). Give w(z).
0
Let p(u) = 21*u**3 + 1. Suppose -158*l + 2 = -156*l. Give p(l).
22
Let r(b) = -7*b - 9*b + 52 + 21*b. Let q be r(-11). Let t(l) = -l**3 - 3*l**2 - 3*l - 1. Determine t(q).
8
Let w be (99/(-11))/((-6)/4). Let p(v) = -8*v**2 - 17 + 11 + w. Let u(f) = -f**2 - 11*f - 11. Let g be u(-10). What is p(g)?
-8
Let z(x) be the second derivative of x**3 + x**2/2 - 52*x + 2. Let w be (-2)/6 - 0 - 8/12. Give z(w).
-5
Let f(c) = -c**2 + 24*c + 381. Let o be f(-11). Let d(l) be the third derivative of l**4/24 - l**2. Determine d(o).
-4
Let z(k) be the second derivative of k**4/4 - k**2/2 - 475*k. Give z(-1).
2
Let w = -49 + 44. Let p(u) = u**2 + 5*u + 7. Let x(o) = 4*o**2 + 20*o + 28. Let n(l) = -9*p(l) + 2*x(l). What is n(w)?
-7
Let d(u) = 2*u**2 + 6*u - 5. Let x(i) = -4*i**2 - 4*i + 4. Let r be x(1). Let s be (-192)/40 - r/(-20). Determine d(s).
15
Let d(c) = -5*c**2 + 2*c + 2. Suppose -3*y = -0*y - 6, 0 = l - 5*y + 11. Determine d(l).
-5
Let o(h) = -6*h**2 - 7*h**2 + h**3 + 0*h**3 + 20*h**2 - 9*h - 16. Give o(-8).
-8
Let y(a) = -27*a - 51. Let i(h) = 10*h + 16. Let b(r) = -8*i(r) - 3*y(r). Let s be 1 - ((-8)/(-2) - 3). Give b(s).
25
Let y(l) = -45*l + 141. Let h be y(3). Let j(i) = -i**3 + 6*i**2 - 12. Give j(h).
-12
Suppose n - 2*t + 16 = 6*n, -t + 7 = 2*n. Let p(d) = -n*d + 7 + 3*d - 4 - d**3 + 4*d**2 